se -49 = -2*b + 2*q + 71, 5*q = 20. Let r(x) = -52*x + 22 + 16 - 3 - b. What is the tens digit of r(-3)?
2
Let f(l) = -87*l**2 + 15*l + 1. Let w be f(2). Let g = -112 - w. What is the units digit of g?
5
Suppose -33*v = -36*v + 18. Suppose 25*s + v*s - 20243 = 0. What is the hundreds digit of s?
6
Let t(g) = 59*g**3 - 105*g + 546. What is the tens digit of t(5)?
9
Let s be -5*((-64)/5 + 5). Let n = s - -76. What is the hundreds digit of n?
1
Suppose 0 = -4*z + n + 44, z - n = -2*n + 16. Let b(c) = -18 + 3*c + 2*c - 4*c + c. What is the units digit of b(z)?
6
Suppose 2*x - 2 = 0, 8*g - 4*g - x - 479 = 0. Let r(t) = t**2 + 7*t - 13. Let s be r(-9). Suppose 2*u = s*u - g. What is the units digit of u?
0
Let j be 3 + -1 + 9/(9/20). Suppose 0 = s - 3*c - j, -4*s - 17*c + 14*c + 88 = 0. What is the tens digit of s?
2
Suppose 0 = -0*h + 2*h - 930. Let j(v) = 2*v**2 - 77*v - 76. Let w be j(-1). Suppose 3*m - 8*s - 441 = -12*s, -w*m + h = -4*s. What is the hundreds digit of m?
1
Let d(k) be the second derivative of k**4/12 + 13*k**3/6 + 5*k**2/2 + 3*k. Let b be d(-11). Let l = 48 + b. What is the tens digit of l?
3
Suppose 5*x = 3*x + k + 23, -k = 4*x - 37. Let y(b) = -5*b - 10. Let i be y(x). What is the units digit of (i/9)/(4/(-78))?
0
Suppose 3*q + 2 - 17 = 0. Let u(p) = -p**2 + 11*p + 354. Let h be u(-14). Suppose x = h*a - 3*x - 124, 0 = -4*a - q*x + 160. What is the units digit of a?
5
Suppose 10*g - 50 = 5*g. Suppose 4*v - g*v + 18 = 0. Suppose -5*w + 1068 = -j, w + v*j - 217 - 3 = 0. What is the hundreds digit of w?
2
Let g(u) = u**3 - 4*u**2 + 22*u - 13. What is the hundreds digit of g(14)?
2
What is the thousands digit of 6642 - ((13 - -8) + -14)?
6
Suppose k = -4*k - 2*i + 8, 5*k - 16 = -4*i. What is the hundreds digit of (13 - 8) + (k - -531)?
5
Let i(a) = -3*a + 2. Let b be i(0). Suppose -3*h = 0, b*r - 4*h = -2*r - 8. Let x(z) = -11*z**3 - 4*z**2 - z - 1. What is the units digit of x(r)?
3
Suppose -439226 - 476196 = -22*w + 13220. What is the hundreds digit of w?
2
Let r(q) = -206*q - 18. Let j be r(-14). Suppose 0 = -5*p + 3*u + 7610 - 436, -2*p + 3*u = -j. What is the tens digit of p?
3
Let t = 31 + -44. Let k(y) = 4*y**2 + 33*y + 17. What is the units digit of k(t)?
4
Suppose -2*f - 2*r + 8 = 0, -2*f - 3*r = r - 14. Let a be (f - -11) + (-1)/2*2. Suppose 448 = -3*b + a*b. What is the tens digit of b?
5
Suppose 10*d - 43508 = -338. Suppose d = 5*r + 827. What is the units digit of r?
8
Let k = -10229 + 24561. Suppose k + 2220 = 8*q. What is the thousands digit of q?
2
Let n be (72/16)/(21/(-28)). What is the tens digit of ((-273)/9)/(n/342)?
2
Let r(o) = -o**3 + 3*o**2 + 18*o + 5. Let t be (0 + 5 + -4)*-5. What is the tens digit of r(t)?
1
Suppose -6*f = 3*b - f - 87, -5*b + f = -173. Suppose 31*r - b*r + 2247 = 0. What is the hundreds digit of r?
7
Suppose 215*u = 225*u + 210. What is the hundreds digit of 1/2*-879*14/u?
2
Let d(c) = -5*c - 26. Let k be d(-5). Let j(w) = 366*w**2 + w - 1. What is the units digit of j(k)?
4
Suppose -2*z + 1216 = 2*h, 83*h - z - 2412 = 79*h. What is the units digit of (25/(-10))/((-2)/h)?
5
Let r be (-6890)/(-7) - 34/119. Suppose -r*u = -995*u + 2904. What is the units digit of u?
4
Let q(f) = -374*f + 17 + 151*f + 133*f + 157*f. What is the hundreds digit of q(7)?
4
Let n be (1 + 7)/(8*4/16). Suppose 2*l - 79 = 3*u, 0 = -4*u + n*l + 5 - 105. Let c = u - -35. What is the units digit of c?
6
Let v(m) = 497*m**2 - 1819*m - 8. What is the ten thousands digit of v(11)?
4
Let n(q) = 2164*q**2 + 241*q - 7. What is the tens digit of n(4)?
8
Let o(v) be the third derivative of v**5/15 - v**4/12 - v**3/6 + 17*v**2. Let w be o(2). Suppose w*k = 16*k - 180. What is the tens digit of k?
3
Let v = -610 + 512. What is the units digit of 7/v*-11574 - (-4)/14?
7
Let s = -64 + 64. Suppose 2*o + 80 = x - s*x, -x + 84 = -3*o. Suppose -x - 93 = -5*c. What is the units digit of c?
3
Let x(k) be the third derivative of -1/24*k**4 - 2*k**3 + 1/20*k**5 + 9*k**2 + 0 + 0*k. What is the hundreds digit of x(-8)?
1
Suppose 75 + 541 = 2*v. Suppose 2772 = 2*a - v. What is the hundreds digit of a?
5
Let i be -3 + (4 - (0 + -4)). Suppose 0 = -f - i*m - 24, -m + 29 = 4*f - 6*m. Suppose -f = -2*a - j + 16, 0 = 2*a - 3*j - 13. What is the units digit of a?
8
Let x be (4 + 1/2)*2. Suppose -5*o + x*o = 200. Suppose -l - 4*m = 2*l - o, 0 = -4*l + 5*m + 15. What is the units digit of l?
0
Let t = 15 + -15. Suppose 3*a + t*a - 2916 = 0. Suppose 11*x = -x + a. What is the units digit of x?
1
Let l(k) = -123*k + 2. Let u be l(-5). Suppose -4*q + 611 = -u. What is the units digit of q?
7
Let r = 131 - 131. Suppose r = -4*p + 1427 + 1741. What is the hundreds digit of p?
7
Let v(f) = 3*f**2 + 2*f + 4. Let j be v(-4). Let l = -48 + j. What is the units digit of (1/l - 1/4)*-4?
2
What is the thousands digit of (-38)/6*(-1 - 5327 - 9)?
3
Let s = -9490 - -54807. What is the units digit of s?
7
Let q = -377 - -655. Let m = 393 + q. What is the tens digit of m?
7
Let m be ((-3)/3)/(-1)*937. Suppose -3*p = -2*g + 1263 + 639, -g - 2*p + m = 0. What is the tens digit of g?
4
Suppose -4*k - 32 = -4*d, -3*k - 5 = 2*d - 6. Suppose x - 537 = -d*t, -x - x = -t - 1052. What is the tens digit of x?
2
Let t = -33399 + 75710. What is the hundreds digit of t?
3
Suppose 7*l + 3*l = -890. Let y = 87 + l. What is the units digit of (-4 + 0)/(y/19 - 0)?
8
What is the ten thousands digit of (6 + 256098/(-18))/((-4)/(-2 + 14))?
4
Suppose -5*w + 5 + 20 = 0. Let y(x) = x + 16. Let k be y(w). Suppose 146 = h + k. What is the tens digit of h?
2
Suppose 0 = 3*k - 3*t - 24, -k + 0*t + 2*t = -13. Let n be 3/(-27)*-6*42. What is the tens digit of k*(n/4 - -5)?
3
Suppose 850999 = 242*y - 721517. What is the thousands digit of y?
6
Suppose -23*u = -558128 - 687552. What is the hundreds digit of u?
1
Let s be 2014/(-6) - (-16)/24. Let f = s - -50. Let m = f - -399. What is the hundreds digit of m?
1
What is the hundreds digit of 21 + -11 + (-5 - -5681)?
6
Suppose -3*t + 16116 = 200*h - 197*h, 3*h + t - 16110 = 0. What is the hundreds digit of h?
3
Let k be ((-309)/(-6) - -2)*-22 - -3. Let c = -635 - k. What is the units digit of c?
9
Let m(f) = 876*f - 735. What is the units digit of m(11)?
1
What is the tens digit of (-3744)/(99/22 + -6)?
9
Let p(u) = u + 12. Let r be p(-9). Let t(l) = 2*l**2 + 5*l + 76. Let j(q) = -3*q**2 - 6*q - 75. Let o(m) = r*j(m) + 4*t(m). What is the units digit of o(0)?
9
Let t(j) = 160*j**2 + j**3 - 6*j - 5*j - 164*j**2 + 4*j**3 - 6. Let v be t(-4). Let n = -138 - v. What is the hundreds digit of n?
2
Let q = -730 - -733. Suppose -4*m + 1526 = -2*l - 1352, 0 = -q*l + 15. What is the tens digit of m?
2
Suppose -71*m - 51*m + 2271274 = 0. What is the ten thousands digit of m?
1
Let g be (12/15)/(-6 + (-256)/(-40)). Suppose a + 3273 = 5*j, -9*j = -6*j - g*a - 1961. What is the units digit of j?
5
What is the thousands digit of 58208/17 + -13 - (-1)/(1/6)?
3
Let v be (-1 + 3 + -3)/((-7)/14). Let y(m) = -9 + 2*m**2 + m**2 + v*m**2 + 5*m - 4*m. What is the hundreds digit of y(6)?
1
Let n be 4977/(-14)*(-5 - -3). Suppose 8*o + n = 3615. What is the tens digit of o?
6
Let x = -19380 - -28452. What is the thousands digit of x?
9
Let r(c) = -56*c - 831. What is the units digit of r(-27)?
1
Let s(x) = x**3 + 8*x**2 + 15*x + 11. Let y be s(-6). Let d(b) = -b**2 - 9*b - 4. Let z be d(-8). What is the units digit of 58*(z - y/(-2))?
9
Suppose 54 + 86 = -2*c. What is the units digit of 449/10 - 7/c?
5
Let x = 428 - 358. Let z = 7 + -5. Suppose -4*d + x = -z*d. What is the tens digit of d?
3
Let w(n) = 3*n + 32. Let q be w(-10). Suppose z = q - 3. What is the units digit of (-50)/(1 + -2) - z?
1
Let v(l) = -l**3 + 7*l**2 - 16*l + 11. Let n be v(4). Let r(p) = 19*p**2 + 12*p + 5. What is the hundreds digit of r(n)?
4
Suppose 4*x - 17282 = x + 20218. What is the thousands digit of x?
2
Suppose 7*z + 61 + 828 = 0. Let d = z + -35. Let t = 325 + d. What is the hundreds digit of t?
1
Suppose 18 = 2*j + 2*i, -5*j + 4*i = 5*i - 49. Suppose -j*h + 12*h - 810 = 0. Let f = h + -269. What is the hundreds digit of f?
1
Suppose i + 4*i = -6685. Let v = -15 - i. Suppose 170 - v = -6*t. What is the units digit of t?
2
Suppose -2*f = 4*h + 2, 3*h + 2*f - 1 = f. Suppose -1 - 3 = -o, 